mmon factor of 12 and 448?
4
Calculate the highest common factor of 135 and 891.
27
What is the greatest common factor of 72 and 24?
24
Calculate the greatest common divisor of 268 and 4.
4
What is the highest common divisor of 18 and 477?
9
Calculate the highest common divisor of 50 and 1120.
10
Calculate the highest common factor of 71 and 781.
71
What is the greatest common factor of 4605 and 30?
15
Calculate the highest common factor of 64 and 352.
32
Calculate the highest common factor of 320 and 2510.
10
Calculate the highest common factor of 2484 and 432.
108
Calculate the highest common factor of 1524 and 24.
12
Calculate the greatest common factor of 162 and 198.
18
What is the greatest common divisor of 625 and 3250?
125
Calculate the highest common divisor of 6210 and 23.
23
What is the highest common divisor of 49150 and 50?
50
Calculate the greatest common divisor of 1456 and 1232.
112
What is the greatest common divisor of 5 and 485?
5
Calculate the greatest common factor of 9 and 729.
9
Calculate the highest common factor of 134 and 20301.
67
Calculate the greatest common divisor of 63 and 1611.
9
Calculate the highest common divisor of 38 and 513.
19
Calculate the greatest common factor of 100 and 140.
20
What is the greatest common factor of 644 and 28?
28
Calculate the highest common divisor of 59 and 413.
59
Calculate the greatest common factor of 16 and 20.
4
What is the highest common factor of 128 and 3152?
16
What is the highest common divisor of 35 and 140?
35
Calculate the highest common factor of 522 and 3.
3
What is the highest common divisor of 6 and 52?
2
Calculate the highest common factor of 3983 and 21.
7
Calculate the greatest common divisor of 11 and 946.
11
Calculate the highest common factor of 1171 and 1.
1
What is the highest common factor of 492 and 820?
164
Calculate the greatest common factor of 15 and 5760.
15
What is the greatest common factor of 17907 and 282?
141
Calculate the highest common divisor of 1712 and 8.
8
Calculate the highest common divisor of 175 and 287.
7
What is the greatest common factor of 330 and 735?
15
What is the greatest common divisor of 105 and 3495?
15
What is the highest common factor of 3 and 417?
3
Calculate the greatest common divisor of 22981 and 686.
343
What is the highest common divisor of 55 and 33?
11
Calculate the highest common factor of 2185 and 285.
95
What is the highest common divisor of 1088 and 2496?
64
What is the greatest common factor of 330 and 5742?
66
What is the greatest common factor of 2616 and 1090?
218
What is the highest common factor of 329 and 140?
7
What is the greatest common factor of 21 and 1113?
21
What is the highest common factor of 37 and 259?
37
Calculate the highest common divisor of 71 and 4.
1
Calculate the greatest common divisor of 28 and 644.
28
What is the highest common divisor of 16 and 216?
8
What is the greatest common factor of 546 and 112?
14
What is the highest common divisor of 1533 and 14?
7
What is the greatest common divisor of 875 and 7?
7
What is the greatest common factor of 121 and 11?
11
What is the greatest common factor of 1127 and 23?
23
Calculate the highest common factor of 630 and 120.
30
What is the greatest common divisor of 10 and 900?
10
Calculate the greatest common factor of 5626 and 58.
58
What is the highest common factor of 95 and 215?
5
What is the greatest common factor of 1551 and 33?
33
What is the greatest common divisor of 3330 and 360?
90
Calculate the greatest common factor of 1088 and 1024.
64
What is the greatest common factor of 135 and 495?
45
Calculate the highest common factor of 684 and 180.
36
Calculate the highest common divisor of 697 and 17.
17
What is the highest common factor of 1781 and 13?
13
What is the highest common factor of 78 and 14547?
39
Calculate the greatest common divisor of 56 and 14.
14
What is the greatest common divisor of 95 and 323?
19
Calculate the highest common divisor of 350 and 8350.
50
What is the highest common divisor of 20832 and 124?
124
Calculate the highest common divisor of 31 and 6169.
31
Calculate the highest common divisor of 325 and 25.
25
What is the greatest common divisor of 5112 and 144?
72
Calculate the highest common divisor of 3 and 57.
3
Calculate the highest common divisor of 5 and 121.
1
What is the highest common divisor of 649 and 55?
11
What is the greatest common factor of 10 and 298?
2
What is the highest common divisor of 115 and 184?
23
Calculate the greatest common divisor of 663 and 234.
39
What is the highest common divisor of 828 and 36?
36
Calculate the greatest common divisor of 132 and 33.
33
What is the greatest common factor of 1666 and 34?
34
What is the greatest common divisor of 135 and 60?
15
What is the greatest common factor of 2752 and 5848?
344
What is the highest common divisor of 168 and 315?
21
Calculate the highest common divisor of 23 and 5773.
23
What is the highest common divisor of 106 and 159?
53
Calculate the greatest common divisor of 15089 and 573.
191
Calculate the highest common divisor of 209 and 171.
19
Calculate the highest common factor of 52 and 4.
4
What is the greatest common factor of 469 and 804?
67
Calculate the greatest common factor of 494 and 1368.
38
What is the greatest common factor of 20 and 3720?
20
What is the highest common factor of 868 and 28?
28
Calculate the highest common factor of 8639 and 53.
53
What is the greatest common factor of 39 and 1131?
39
What is the highest common divisor of 2062 and 26?
2
Calculate the greatest common divisor of 81 and 675.
27
Calculate the highest common factor of 366 and 6.
6
What is the greatest common divisor of 19 and 551?
19
What is the greatest common divisor of 4 and 172?
4
Calculate the highest common factor of 21 and 7343.
7
Calculate the greatest common factor of 623 and 178.
89
What is the greatest common divisor of 851 and 391?
23
What is the greatest common factor of 39 and 767?
13
What is the greatest common factor of 6783 and 105?
21
Calculate the highest common factor of 296 and 74.
74
Calculate the greatest common factor of 1943 and 116.
29
What is the greatest common divisor of 81 and 54?
27
Calculate the highest common factor of 999 and 972.
27
What is the highest common factor of 40 and 10130?
10
What is the highest common factor of 12 and 1152?
12
What is the greatest common divisor of 640 and 560?
80
What is the greatest common factor of 60 and 40?
20
What is the greatest common factor of 8 and 9584?
8
What is the highest common factor of 28 and 182?
14
What is the highest common factor of 7368 and 72?
24
Calculate the greatest common divisor of 63 and 999.
9
What is the highest common divisor of 1704 and 24?
24
Calculate the highest common factor of 11005 and 124.
31
What is the greatest common divisor of 75 and 15?
15
Calculate the greatest common factor of 85 and 51.
17
What is the greatest common factor of 176 and 374?
22
Calculate the highest common factor of 522 and 3.
3
Calculate the greatest common factor of 1872 and 39.
39
Calculate the highest common divisor of 19936 and 42.
14
Calculate the highest common factor of 5236 and 88.
44
What is the greatest common divisor of 145 and 215?
5
What is the greatest common factor of 654 and 6?
6
Calculate the highest common factor of 2023 and 68.
17
What is the highest common factor of 12 and 3204?
12
What is the highest common factor of 140 and 210?
70
Calculate the highest common factor of 7134 and 174.
174
What is the greatest common factor of 612 and 1071?
153
What is the highest common divisor of 5 and 185?
5
What is the highest common divisor of 33 and 957?
33
What is the greatest common factor of 274 and 2?
2
Calculate the greatest common factor of 56 and 3892.
28
What is the highest common factor of 5778 and 428?
214
Calculate the highest common divisor of 896 and 96.
32
What is the greatest common factor of 144 and 32?
16
What is the highest common factor of 455 and 35?
35
Calculate the highest common factor of 206 and 206.
206
Calculate the highest common factor of 961 and 124.
31
Calculate the highest common factor of 9625 and 50.
25
Calculate the highest common factor of 710 and 70.
10
Calculate the greatest common divisor of 5960 and 16.
8
What is t